{"id":42,"date":"2022-04-14T11:55:33","date_gmt":"2022-04-14T09:55:33","guid":{"rendered":"https:\/\/www.sekelgarden.se\/?page_id=42"},"modified":"2022-05-09T13:24:51","modified_gmt":"2022-05-09T11:24:51","slug":"konferens","status":"publish","type":"page","link":"https:\/\/www.sekelgarden.se\/en\/konferens\/","title":{"rendered":"Conference"},"content":{"rendered":"<div data-elementor-type=\"wp-page\" data-elementor-id=\"42\" class=\"elementor elementor-42\" data-elementor-post-type=\"page\">\n\t\t\t\t\t\t\t\t\t<section data-particle_enable=\"false\" data-particle-mobile-disabled=\"false\" class=\"elementor-section elementor-top-section elementor-element elementor-element-3e5572ae elementor-section-full_width elementor-section-height-min-height elementor-section-height-default elementor-section-items-middle\" data-id=\"3e5572ae\" data-element_type=\"section\">\n\t\t\t\t\t\t<div class=\"elementor-container elementor-column-gap-default\">\n\t\t\t\t\t<div class=\"elementor-column elementor-col-50 elementor-top-column elementor-element elementor-element-46710340\" data-id=\"46710340\" data-element_type=\"column\">\n\t\t\t<div class=\"elementor-widget-wrap elementor-element-populated\">\n\t\t\t\t\t\t\t\t<div class=\"elementor-element elementor-element-765b93f4 elementor-widget elementor-widget-image\" data-id=\"765b93f4\" data-element_type=\"widget\" data-widget_type=\"image.default\">\n\t\t\t\t<div class=\"elementor-widget-container\">\n\t\t\t<style>\/*! elementor - v3.17.0 - 25-10-2023 *\/\n.elementor-widget-image{text-align:center}.elementor-widget-image a{display:inline-block}.elementor-widget-image a img[src$=\".svg\"]{width:48px}.elementor-widget-image img{vertical-align:middle;display:inline-block}<\/style>\t\t\t\t\t\t\t\t\t\t\t\t<img decoding=\"async\" width=\"2556\" height=\"1704\" src=\"https:\/\/www.sekelgarden.se\/wp-content\/uploads\/2022\/04\/Konferens.jpg\" class=\"attachment-full size-full wp-image-146\" alt=\"\" srcset=\"https:\/\/www.sekelgarden.se\/wp-content\/uploads\/2022\/04\/Konferens.jpg 2556w, https:\/\/www.sekelgarden.se\/wp-content\/uploads\/2022\/04\/Konferens-300x200.jpg 300w, https:\/\/www.sekelgarden.se\/wp-content\/uploads\/2022\/04\/Konferens-1024x683.jpg 1024w, https:\/\/www.sekelgarden.se\/wp-content\/uploads\/2022\/04\/Konferens-768x512.jpg 768w, https:\/\/www.sekelgarden.se\/wp-content\/uploads\/2022\/04\/Konferens-1536x1024.jpg 1536w, https:\/\/www.sekelgarden.se\/wp-content\/uploads\/2022\/04\/Konferens-2048x1365.jpg 2048w\" sizes=\"(max-width: 2556px) 100vw, 2556px\" \/>\t\t\t\t\t\t\t\t\t\t\t\t\t\t\t<\/div>\n\t\t\t\t<\/div>\n\t\t\t\t\t<\/div>\n\t\t<\/div>\n\t\t\t\t<div class=\"elementor-column elementor-col-50 elementor-top-column elementor-element elementor-element-7b0ffa69\" data-id=\"7b0ffa69\" data-element_type=\"column\" data-settings=\"{&quot;background_background&quot;:&quot;classic&quot;}\">\n\t\t\t<div class=\"elementor-widget-wrap elementor-element-populated\">\n\t\t\t\t\t\t\t\t<div class=\"elementor-element elementor-element-41471a89 elementor-widget elementor-widget-heading\" data-id=\"41471a89\" data-element_type=\"widget\" data-widget_type=\"heading.default\">\n\t\t\t\t<div class=\"elementor-widget-container\">\n\t\t\t<style>\/*! elementor - v3.17.0 - 25-10-2023 *\/\n.elementor-heading-title{padding:0;margin:0;line-height:1}.elementor-widget-heading .elementor-heading-title[class*=elementor-size-]>a{color:inherit;font-size:inherit;line-height:inherit}.elementor-widget-heading .elementor-heading-title.elementor-size-small{font-size:15px}.elementor-widget-heading .elementor-heading-title.elementor-size-medium{font-size:19px}.elementor-widget-heading .elementor-heading-title.elementor-size-large{font-size:29px}.elementor-widget-heading .elementor-heading-title.elementor-size-xl{font-size:39px}.elementor-widget-heading .elementor-heading-title.elementor-size-xxl{font-size:59px}<\/style><h1 class=\"elementor-heading-title elementor-size-default\">HOTEL ANNO 1793 SEKELG\u00c5RDEN<\/h1>\t\t<\/div>\n\t\t\t\t<\/div>\n\t\t\t\t<div class=\"elementor-element elementor-element-447e1f80 elementor-widget elementor-widget-heading\" data-id=\"447e1f80\" data-element_type=\"widget\" data-widget_type=\"heading.default\">\n\t\t\t\t<div class=\"elementor-widget-container\">\n\t\t\t<h2 class=\"elementor-heading-title elementor-size-default\">Conference in a unique hotel in the heart of Ystad<\/h2>\t\t<\/div>\n\t\t\t\t<\/div>\n\t\t\t\t<div class=\"elementor-element elementor-element-eb9bb7 elementor-widget elementor-widget-text-editor\" data-id=\"eb9bb7\" data-element_type=\"widget\" data-widget_type=\"text-editor.default\">\n\t\t\t\t<div class=\"elementor-widget-container\">\n\t\t\t<style>\/*! elementor - v3.17.0 - 25-10-2023 *\/\n.elementor-widget-text-editor.elementor-drop-cap-view-stacked .elementor-drop-cap{background-color:#69727d;color:#fff}.elementor-widget-text-editor.elementor-drop-cap-view-framed .elementor-drop-cap{color:#69727d;border:3px solid;background-color:transparent}.elementor-widget-text-editor:not(.elementor-drop-cap-view-default) .elementor-drop-cap{margin-top:8px}.elementor-widget-text-editor:not(.elementor-drop-cap-view-default) .elementor-drop-cap-letter{width:1em;height:1em}.elementor-widget-text-editor .elementor-drop-cap{float:left;text-align:center;line-height:1;font-size:50px}.elementor-widget-text-editor .elementor-drop-cap-letter{display:inline-block}<\/style>\t\t\t\t<p class=\" translation-block\">In our attic, with a view of the rooftops and the sea, we offer conferences for groups of a maximum of 20 participants. The tranquillity, the beautiful beams in the sloping roof and the centuries-old charm make for a creative environment for smaller and larger groups alike. There's a meeting room projector and a whiteboard available in the room. Please let us know if you have any additional wishes regarding your conference.\nFor more information, please call or send us an email.\u00a0<\/p>\t\t\t\t\t\t<\/div>\n\t\t\t\t<\/div>\n\t\t\t\t<div class=\"elementor-element elementor-element-d871f09 elementor-widget elementor-widget-image\" data-id=\"d871f09\" data-element_type=\"widget\" data-widget_type=\"image.default\">\n\t\t\t\t<div class=\"elementor-widget-container\">\n\t\t\t\t\t\t\t\t\t\t\t\t\t\t\t<img decoding=\"async\" width=\"800\" height=\"534\" src=\"https:\/\/www.sekelgarden.se\/wp-content\/uploads\/2022\/04\/CG_utsikt-vinden-1024x683.jpg\" class=\"attachment-large size-large wp-image-145\" alt=\"\" srcset=\"https:\/\/www.sekelgarden.se\/wp-content\/uploads\/2022\/04\/CG_utsikt-vinden-1024x683.jpg 1024w, https:\/\/www.sekelgarden.se\/wp-content\/uploads\/2022\/04\/CG_utsikt-vinden-300x200.jpg 300w, https:\/\/www.sekelgarden.se\/wp-content\/uploads\/2022\/04\/CG_utsikt-vinden-768x512.jpg 768w, https:\/\/www.sekelgarden.se\/wp-content\/uploads\/2022\/04\/CG_utsikt-vinden-1536x1024.jpg 1536w, https:\/\/www.sekelgarden.se\/wp-content\/uploads\/2022\/04\/CG_utsikt-vinden-2048x1365.jpg 2048w\" sizes=\"(max-width: 800px) 100vw, 800px\" \/>\t\t\t\t\t\t\t\t\t\t\t\t\t\t\t<\/div>\n\t\t\t\t<\/div>\n\t\t\t\t\t<\/div>\n\t\t<\/div>\n\t\t\t\t\t\t\t<\/div>\n\t\t<\/section>\n\t\t\t\t\t\t\t<\/div>","protected":false},"excerpt":{"rendered":"<p>HOTEL ANNO 1793 SEKELG\u00c5RDEN Konferens i unikt hotell i hj\u00e4rtat av Ystad I v\u00e5r vindsv\u00e5ning, med utsikt \u00f6ver tak\u00e5sarna och havet, erbjuder vi konferenser f\u00f6r grupper p\u00e5 max 20 deltagare. Lugnet, de vackra bj\u00e4lkarna i snedtaket och den sekelgamla charmen hj\u00e4lper till att skapa en kreativ milj\u00f6 f\u00f6r s\u00e5v\u00e4l mindre som n\u00e5got st\u00f6rre grupper. Vi [&hellip;]<\/p>","protected":false},"author":1,"featured_media":0,"parent":0,"menu_order":0,"comment_status":"closed","ping_status":"closed","template":"","meta":{"_seopress_robots_primary_cat":"","footnotes":""},"Pagecategories":[],"class_list":["post-42","page","type-page","status-publish","hentry"],"_links":{"self":[{"href":"https:\/\/www.sekelgarden.se\/en\/wp-json\/wp\/v2\/pages\/42","targetHints":{"allow":["GET"]}}],"collection":[{"href":"https:\/\/www.sekelgarden.se\/en\/wp-json\/wp\/v2\/pages"}],"about":[{"href":"https:\/\/www.sekelgarden.se\/en\/wp-json\/wp\/v2\/types\/page"}],"author":[{"embeddable":true,"href":"https:\/\/www.sekelgarden.se\/en\/wp-json\/wp\/v2\/users\/1"}],"replies":[{"embeddable":true,"href":"https:\/\/www.sekelgarden.se\/en\/wp-json\/wp\/v2\/comments?post=42"}],"version-history":[{"count":5,"href":"https:\/\/www.sekelgarden.se\/en\/wp-json\/wp\/v2\/pages\/42\/revisions"}],"predecessor-version":[{"id":528,"href":"https:\/\/www.sekelgarden.se\/en\/wp-json\/wp\/v2\/pages\/42\/revisions\/528"}],"wp:attachment":[{"href":"https:\/\/www.sekelgarden.se\/en\/wp-json\/wp\/v2\/media?parent=42"}],"wp:term":[{"taxonomy":"Pagecategories","embeddable":true,"href":"https:\/\/www.sekelgarden.se\/en\/wp-json\/wp\/v2\/Pagecategories?post=42"}],"curies":[{"name":"wp","href":"https:\/\/api.w.org\/{rel}","templated":true}]}}

<div data-elementor-type="wp-page" data-elementor-id="42" class="elementor elementor-42" data-elementor-post-type="page">
									<section data-particle_enable="false" data-particle-mobile-disabled="false" class="elementor-section elementor-top-section elementor-element elementor-element-3e5572ae elementor-section-full_width elementor-section-height-min-height elementor-section-height-default elementor-section-items-middle" data-id="3e5572ae" data-element_type="section">
						<div class="elementor-container elementor-column-gap-default">
					<div class="elementor-column elementor-col-50 elementor-top-column elementor-element elementor-element-46710340" data-id="46710340" data-element_type="column">
			<div class="elementor-widget-wrap elementor-element-populated">
								<div class="elementor-element elementor-element-765b93f4 elementor-widget elementor-widget-image" data-id="765b93f4" data-element_type="widget" data-widget_type="image.default">
				<div class="elementor-widget-container">
			<style>/*! elementor - v3.17.0 - 25-10-2023 */
.elementor-widget-image{text-align:center}.elementor-widget-image a{display:inline-block}.elementor-widget-image a img[src$=".svg"]{width:48px}.elementor-widget-image img{vertical-align:middle;display:inline-block}</style>												<img decoding="async" width="2556" height="1704" src="https://www.sekelgarden.se/wp-content/uploads/2022/04/Konferens.jpg" class="attachment-full size-full wp-image-146" alt="" srcset="https://www.sekelgarden.se/wp-content/uploads/2022/04/Konferens.jpg 2556w, https://www.sekelgarden.se/wp-content/uploads/2022/04/Konferens-300x200.jpg 300w, https://www.sekelgarden.se/wp-content/uploads/2022/04/Konferens-1024x683.jpg 1024w, https://www.sekelgarden.se/wp-content/uploads/2022/04/Konferens-768x512.jpg 768w, https://www.sekelgarden.se/wp-content/uploads/2022/04/Konferens-1536x1024.jpg 1536w, https://www.sekelgarden.se/wp-content/uploads/2022/04/Konferens-2048x1365.jpg 2048w" sizes="(max-width: 2556px) 100vw, 2556px" />															</div>
				</div>
					</div>
		</div>
				<div class="elementor-column elementor-col-50 elementor-top-column elementor-element elementor-element-7b0ffa69" data-id="7b0ffa69" data-element_type="column" data-settings="{&quot;background_background&quot;:&quot;classic&quot;}">
			<div class="elementor-widget-wrap elementor-element-populated">
								<div class="elementor-element elementor-element-41471a89 elementor-widget elementor-widget-heading" data-id="41471a89" data-element_type="widget" data-widget_type="heading.default">
				<div class="elementor-widget-container">
			<style>/*! elementor - v3.17.0 - 25-10-2023 */
.elementor-heading-title{padding:0;margin:0;line-height:1}.elementor-widget-heading .elementor-heading-title[class*=elementor-size-]>a{color:inherit;font-size:inherit;line-height:inherit}.elementor-widget-heading .elementor-heading-title.elementor-size-small{font-size:15px}.elementor-widget-heading .elementor-heading-title.elementor-size-medium{font-size:19px}.elementor-widget-heading .elementor-heading-title.elementor-size-large{font-size:29px}.elementor-widget-heading .elementor-heading-title.elementor-size-xl{font-size:39px}.elementor-widget-heading .elementor-heading-title.elementor-size-xxl{font-size:59px}</style><h1 class="elementor-heading-title elementor-size-default">HOTEL ANNO 1793 SEKELGÅRDEN</h1>		</div>
				</div>
				<div class="elementor-element elementor-element-447e1f80 elementor-widget elementor-widget-heading" data-id="447e1f80" data-element_type="widget" data-widget_type="heading.default">
				<div class="elementor-widget-container">
			<h2 class="elementor-heading-title elementor-size-default">Conference in a unique hotel in the heart of Ystad</h2>		</div>
				</div>
				<div class="elementor-element elementor-element-eb9bb7 elementor-widget elementor-widget-text-editor" data-id="eb9bb7" data-element_type="widget" data-widget_type="text-editor.default">
				<div class="elementor-widget-container">
			<style>/*! elementor - v3.17.0 - 25-10-2023 */
.elementor-widget-text-editor.elementor-drop-cap-view-stacked .elementor-drop-cap{background-color:#69727d;color:#fff}.elementor-widget-text-editor.elementor-drop-cap-view-framed .elementor-drop-cap{color:#69727d;border:3px solid;background-color:transparent}.elementor-widget-text-editor:not(.elementor-drop-cap-view-default) .elementor-drop-cap{margin-top:8px}.elementor-widget-text-editor:not(.elementor-drop-cap-view-default) .elementor-drop-cap-letter{width:1em;height:1em}.elementor-widget-text-editor .elementor-drop-cap{float:left;text-align:center;line-height:1;font-size:50px}.elementor-widget-text-editor .elementor-drop-cap-letter{display:inline-block}</style>				<p class=" translation-block">In our attic, with a view of the rooftops and the sea, we offer conferences for groups of a maximum of 20 participants. The tranquillity, the beautiful beams in the sloping roof and the centuries-old charm make for a creative environment for smaller and larger groups alike. There's a meeting room projector and a whiteboard available in the room. Please let us know if you have any additional wishes regarding your conference.
For more information, please call or send us an email. </p>						</div>
				</div>
				<div class="elementor-element elementor-element-d871f09 elementor-widget elementor-widget-image" data-id="d871f09" data-element_type="widget" data-widget_type="image.default">
				<div class="elementor-widget-container">
															<img decoding="async" width="800" height="534" src="https://www.sekelgarden.se/wp-content/uploads/2022/04/CG_utsikt-vinden-1024x683.jpg" class="attachment-large size-large wp-image-145" alt="" srcset="https://www.sekelgarden.se/wp-content/uploads/2022/04/CG_utsikt-vinden-1024x683.jpg 1024w, https://www.sekelgarden.se/wp-content/uploads/2022/04/CG_utsikt-vinden-300x200.jpg 300w, https://www.sekelgarden.se/wp-content/uploads/2022/04/CG_utsikt-vinden-768x512.jpg 768w, https://www.sekelgarden.se/wp-content/uploads/2022/04/CG_utsikt-vinden-1536x1024.jpg 1536w, https://www.sekelgarden.se/wp-content/uploads/2022/04/CG_utsikt-vinden-2048x1365.jpg 2048w" sizes="(max-width: 800px) 100vw, 800px" />															</div>
				</div>
					</div>
		</div>
							</div>
		</section>
							</div>

<p>HOTEL ANNO 1793 SEKELGÅRDEN Konferens i unikt hotell i hjärtat av Ystad I vår vindsvåning, med utsikt över takåsarna och havet, erbjuder vi konferenser för grupper på max 20 deltagare. Lugnet, de vackra bjälkarna i snedtaket och den sekelgamla charmen hjälper till att skapa en kreativ miljö för såväl mindre som något större grupper. Vi [&hellip;]</p>
